e units digit of w?
8
Let z(c) = 21*c**2 - c. Let r be z(1). Suppose 2*o + 0*o = r. What is the units digit of o?
0
Let a(g) = -g + 2. Let y be a(0). Suppose -3*b + 34 = -y*k, k + 2*k + 36 = 3*b. Suppose -3*c - 26 = -0*l - 2*l, -2*l - 5*c = -b. What is the tens digit of l?
1
Let v be (-1)/(-2) + 42/4. Suppose -2*r = 2*r - 20. Let w = v - r. What is the units digit of w?
6
Let h(d) = -d + 4. Let z be h(0). Suppose 3 = -a, 3*a = -2*j + z*a + 11. Suppose 5*m + j*g - 59 = g, -15 = -5*g. What is the tens digit of m?
1
Let n = 2 + 2. What is the units digit of n?
4
Suppose 7*a = 2*a + 5*z, 5*a = 2*z - 9. What is the units digit of 2 + a - (-16)/1?
5
Let b(v) = -v. Let s be b(-12). Suppose 4*t - s = -0. Suppose -5 = -t*z + 4. What is the units digit of z?
3
What is the units digit of (2 - -60)/2 + 2?
3
Let d = 13 - 8. Suppose -d*i + 2*i - 3*p = -15, -i - 5*p + 13 = 0. Suppose -3*n - 22 = -3*j - 4, -n = -i*j + 16. What is the units digit of j?
5
Suppose -2*h + 116 = -5*b - 118, 0 = 5*h - b - 585. What is the hundreds digit of h?
1
Let h be 2*(-4 - (1 - 1)). Let o(p) = -p**3 - 8*p**2 - 2*p + 6. What is the units digit of o(h)?
2
Suppose 130*v - 131*v = -44. What is the units digit of v?
4
Suppose 2*s + 5*y - 13 = 0, 2*s + 5*y - 2*y = 11. Let b = 13 + -9. Suppose s = d, b*r + 0*r + 4*d = 36. What is the units digit of r?
5
Suppose 33*x = 36*x - 18. What is the units digit of x?
6
Let l = -15 - -23. What is the units digit of l?
8
Suppose -3*w - n + 236 = 0, -4*w - 3*n + 23 = -290. What is the tens digit of w?
7
Suppose 3*r + 3 + 0 = 0. Let f(i) = -3*i**2 + i + 1. Let k be f(-1). What is the units digit of k*6*r/2?
9
Let w be 6/(3/12*6). Suppose -w*x + 34 + 110 = 0. What is the tens digit of x?
3
Suppose w + 14 = 4*v, -w - 4*v = -v - 14. Suppose -3*s - 3*o + 24 = -w*o, -3*s + 24 = 3*o. What is the units digit of s?
8
Suppose 52 = 2*h + 2*h. Suppose -h*p = -17*p + 44. What is the tens digit of p?
1
Let b(r) = r**3 - 6*r**2 + 8*r - 12. Let n be b(5). Suppose 0*z = x + z - 4, -2*z + 9 = 3*x. Suppose n = 2*p - x. What is the units digit of p?
2
Suppose -3*f = p - 99, 4*p + 3*f = -2*f + 396. What is the units digit of p?
9
Suppose 0 = 3*g - 8*g. Suppose -r + 2 = -g*r. Suppose 2*h = 3*z, 4*h = -r*z + 3*h + 7. What is the units digit of z?
2
Let i be 4*15*(2 + -1). Suppose -3*z + i = z. What is the tens digit of z?
1
Suppose 0*c + 15 = 5*c. Suppose t - 14 + c = 0. What is the tens digit of t?
1
Let i(p) = 44*p + 1. What is the tens digit of i(3)?
3
Suppose -550 = 3*q - 8*q. What is the tens digit of q?
1
Suppose -4*f + 3*f = -4. Suppose f*u + 2*r = -0*r + 30, 24 = u - 5*r. What is the units digit of u?
9
Suppose 3*q = -5*y + 45 + 38, -2*y = -2*q + 34. What is the units digit of q?
1
Let f(j) = -j**2 + 8*j - 6. Let t be f(6). Suppose t*c - c = 70. What is the units digit of (-2)/7 + 102/c?
7
Let w(z) = 69*z**2 - 2*z. What is the units digit of w(1)?
7
Let w(r) = 2*r - 1. Let f be w(1). Let m be (4/8)/((-1)/(-4)). Suppose 2 = -l - m*h + 9, f = 4*l - h. What is the units digit of l?
1
Suppose 5*h + 26 = -k, -k - k + 4*h = 10. Let a = 16 - k. What is the tens digit of 18 + (a/3)/(-3)?
1
Suppose 0*s = -3*s. Let g be (2 - 1)*s/(-4). Let l = g + 3. What is the units digit of l?
3
Let x(r) = -27*r**2 - 1. Let b be x(-1). Let f = 45 + b. What is the units digit of f?
7
Suppose j = 5*b - 9, 2*j - 6 = -4*b + 4. What is the units digit of 9/18*b*11?
1
Suppose 0 = 44*n - 48*n + 716. What is the units digit of n?
9
Suppose 3*y - 366 = 162. What is the units digit of y?
6
Let v(n) = -n + 1. Let i(f) = 12*f - 3. Let x(p) = i(p) + 6*v(p). Let z(r) = 5*r + 4. Let j(u) = -4*x(u) + 5*z(u). What is the units digit of j(-7)?
1
Suppose -13*h + 2250 = -7*h. What is the tens digit of h?
7
Let y be 0*(2 + -1)/1. What is the tens digit of (y - (0 - 1)) + 13?
1
Let f be (-30)/((9/(-15))/3). Suppose 3*y + 2*y = f. What is the tens digit of y?
3
Let h = -41 - -111. What is the units digit of h?
0
Let p(n) = n**3 - 6*n**2 + 5*n - 2. Let q be p(3). Suppose 0 = 4*x - 3*h + 3, -2*h = 4*x - 6*h. Let j = x - q. What is the units digit of j?
1
Let k(q) be the third derivative of q**6/120 + q**5/12 + q**3/2 + 3*q**2. Let j be k(-5). Suppose -j*n + 10 + 14 = 0. What is the units digit of n?
8
Suppose -2*b + 440 = 3*b. What is the tens digit of b?
8
Let s(d) = 3*d**2 - 1. Let q be s(-1). Suppose q*t = t + 10. Let m = 17 - t. What is the units digit of m?
7
Suppose 0*p = p - 3. Let k = 5 - p. Suppose k*d - 7 = 3. What is the units digit of d?
5
Suppose -10 = -4*l + 3*l. What is the units digit of 4/20 + 68/l?
7
Let p = -6 - -8. Suppose -5 = -p*b + 3. What is the units digit of b?
4
Suppose 0*a - 3*x - 33 = 3*a, -43 = 5*a + 2*x. Suppose -2*w - 3*z + 37 = 0, 3*w + 3*z = -w + 77. Let g = w + a. What is the tens digit of g?
1
Let x = 23 - 42. Let l = -5 - x. What is the units digit of l?
4
Let h = 207 + -40. What is the hundreds digit of h?
1
Let h(t) = 12*t + 32. What is the units digit of h(21)?
4
Let i(w) = -23*w - 84. What is the tens digit of i(-6)?
5
Let v(a) = -a**2 - 10*a - 7. Suppose -5*s - 4*r = 26 + 11, 23 = -3*s - 2*r. What is the units digit of v(s)?
2
Let c(z) = -z**2 + 21*z - 1 - 13*z + 4*z. What is the units digit of c(7)?
4
Let g = 75 - 6. What is the tens digit of g?
6
Suppose -5*b + 425 = -4*n, -n = 2*b - 0*b - 170. Suppose 3*q - 69 = -3*y, -b = -4*y + 4*q + 47. What is the units digit of y?
8
Let c(a) = 33*a**2 + 2*a - 1. What is the units digit of c(1)?
4
Let j(h) = -h**3 - 7*h**2 - 6*h + 5. Let l be j(-5). Let c = 0 - l. What is the units digit of c?
5
Let d be (6/7)/((-2)/(-14)). Let b be 27/(-6)*d/(-9). Suppose 4*r - 9 - b = 0. What is the units digit of r?
3
Let l = -80 - -127. What is the units digit of l?
7
Suppose -3*z = 4*u, 12 = -2*z - z. Suppose r = -u*r + 12. Suppose 2*l + r = 2*h - 1, 3*l - 6 = h. What is the units digit of h?
6
Let v(b) = -b**2 - 6*b + 4. Let z be v(-7). Let r be (-24)/(-9) + (-1)/z. Suppose -r*u = u - 20. What is the units digit of u?
5
Suppose 2*f + 4*b = -b - 25, 5*b + 25 = -f. What is the units digit of 14*(f - (-1 + 0))?
4
Let i(b) be the third derivative of -b**5/60 - 11*b**4/24 - b**3/6 - 2*b**2. What is the units digit of i(-9)?
7
Let x = 248 + -147. What is the units digit of x?
1
Let k(l) = l - 1. Let o(a) = a**2 - 2*a + 4. Let h(s) = k(s) + o(s). Let d be h(0). What is the units digit of (d + -1)/(-1) + 5?
3
Let t(q) = -q - 5. Let r be (1 + 2*-1)*5. Let n be t(r). Suppose n = -2*a + 7*a - u - 39, -4*u - 51 = -5*a. What is the units digit of a?
7
Suppose -4*x + 4 = -8. What is the tens digit of 11 - (2 + x + -5)?
1
Let t(p) = 28*p**2 - 3*p + 2. Let w be t(-2). Suppose 5*y - w = 110. What is the units digit of y?
6
Suppose -19 = 5*d - 4*z, -4*d + 5*z - 2 = -5*d. What is the units digit of (-1 - -4) + (-1 - d)?
5
Suppose -3*y + 12 + 9 = 0. Suppose 0 = 5*v + 3*r + y, -2*r + 7*r - 3 = -v. What is the units digit of (2 + 5/v)*-16?
8
Let y(c) = 2*c**2 - 4. Let k be y(4). Suppose -4*m = -4*j + j + k, 19 = 3*j + 5*m. What is the units digit of j?
8
Suppose 6*f + 0*f = 144. What is the tens digit of f?
2
Let s = -295 + 434. What is the hundreds digit of s?
1
Let x be (0 + 0)*(-2)/4. Suppose 25 = 2*j - u - 6, -3*j + 5*u + 43 = x. What is the tens digit of j?
1
Suppose 0 = -4*x + 1 + 3. Let s be 135/6 + x/2. Let n = s + -16. What is the units digit of n?
7
Suppose 4*i - 129 = 51. What is the tens digit of i?
4
Let l = 105 - 28. What is the tens digit of l?
7
Suppose -4*s - 4*h + 32 = 0, -s = -2*s - 3*h + 16. Suppose b - s - 23 = 0. What is the units digit of b?
7
Let y(h) = -102*h + 2. What is the units digit of y(-1)?
4
Let l(g) = -g**2 + 7*g + 2. Let w be l(7). What is the tens digit of (w - -1)/(1/7)?
2
Suppose 3*j + 3*g = -21, -2*j + 3*g + 4 = -2. Let n be 4/((-4)/j) - -27. Suppose -5*t + n = -w - 51, 66 = 4*t - 2*w. What is the units digit of t?
6
Let h(r) = r**3 - 1 - 2 - 23*r**2 + 5*r + 19*r**2. What is the tens digit of h(4)?
1
Let p(c) = -c**3 + 10*c**2 - 17*c + 10. What is the tens digit of p(5)?
5
Suppose 2*m - 6 = -2*c, -2*m + 12 = -2*c - 2*c. Let k = c + 7. What is the units digit of k?
6
Let u = -1 - -2. Let v be 24/15 + (-4)/(-10). What is the units digit of (u/1*v)/2?
1
Suppose 0 = 4*u - 7 + 23. Let c = u + 1. Let z = 0 - c. What is th